is divided by 13.
12
Let y(k) = -3*k**3 - 16*k**2 + 21*k + 55. What is the remainder when 1068 is divided by y(-7)?
150
Let c(v) = -4*v - 10. Let z = -155 - -48. Let n = z - -129. What is the remainder when n is divided by c(-4)?
4
Let r = 9455 + -9051. Calculate the remainder when r is divided by 386.
18
Let d(q) = 224*q + 7004. Calculate the remainder when d(-21) is divided by 13.
12
Let y = 3022 + -2923. Calculate the remainder when y is divided by 4.
3
Suppose 2*y = -2*y + 8. Suppose -s - j + 84 = y*j, 286 = 4*s + 2*j. Let u(x) = -3*x - 49. What is the remainder when s is divided by u(-19)?
5
What is the remainder when 659 is divided by 6/(-7)*7/7*-189?
11
Let v(x) = -x**3 + 20*x**2 - 6*x + 331. What is the remainder when v(15) is divided by 72?
70
Let i(b) = 3*b**2 - 42*b - 123. Let l(j) = -8*j**3 - j**2 - 5*j - 5. What is the remainder when i(21) is divided by l(-2)?
58
Let u(n) = -1163*n + 23. Let o be u(-1). Suppose 3*q = o + 29. What is the remainder when q is divided by 34?
31
Let p = -27 - 84. Let l = p - -218. What is the remainder when l is divided by 22?
19
Let u be (-1 + 6)/(-5)*(1 - 1). Suppose -10*k + 2*k - 3312 = u. Calculate the remainder when (k/27)/((-4)/18) is divided by 9.
6
Let m = -955 - -1367. Suppose -2*w - 5*d + 195 = 0, d + m + 143 = 5*w. What is the remainder when w is divided by (-1 - -13) + -22 + 18?
6
Let i be (3/(-12))/(3/(-60)). Suppose -y + 10*v = 8*v + 7, i*v - 7 = -y. What is the remainder when (-20 - 49)/(3/(-2)) + y is divided by 15?
13
Suppose a = 6, -26 = -4*q - 8*a + 9*a. Let z be 28/12 - 2/6. What is the remainder when (0 - 2) + 42/z is divided by q?
3
Suppose 7*u - u - 4270 = -u. Calculate the remainder when u is divided by 39.
25
Suppose 13720 = 20*h - 14*h + 29*h. What is the remainder when h is divided by 12?
8
Let q be 912/18 - (-2)/6. Suppose 3*z + q = 3*a - 0*a, 2*a - 38 = -2*z. Let o(c) = c**3 + 13*c**2 + 9*c + 53. What is the remainder when o(-12) is divided by a?
17
Let h(j) = 64*j + 51. Let q be h(7). Let c = -493 + q. Suppose -4*p + 5 = 2*x - 1, 2*x - 6 = -3*p. Calculate the remainder when c is divided by x.
0
Let t = -25002 + 25091. Calculate the remainder when t is divided by 2/(-9) + 272/9.
29
Suppose -11*a = a - 144. Suppose 1111 = a*c - 425. Calculate the remainder when c is divided by 45.
38
Suppose -s + 10 + 5 = 0. Let w be ((-1)/(-2))/(s/3420). Suppose 34*m - 36*m + w = 0. Calculate the remainder when m is divided by 20.
17
Suppose -2*o + 3*h = -390, 4*o - 1086 = 3*h - 306. Let y = 4245 - 4242. Calculate the remainder when o is divided by y.
0
Suppose 92*z - 50*z = 1218. What is the remainder when 121 is divided by z?
5
Let f(z) = -5*z**2 + 50*z**2 - z - 21*z**2 + 62*z**2. Let y be (2/(-6))/((-2)/(-6)). What is the remainder when f(y) is divided by 18?
15
Let j(t) = 3*t**3 + t**2 + t - 3. Let b be j(3). Suppose -3*d = 7*d - b. What is the remainder when 32 is divided by d?
5
Let u(x) = 1298*x + 4304. What is the remainder when u(-3) is divided by 4?
2
Let o(i) = 33*i**3 - i**2 + 13*i - 3. Calculate the remainder when o(2) is divided by 46.
7
Suppose 4*b + 8*x = 9*x + 2853, -3*x - 15 = 0. Suppose -5*g - b = -757. What is the remainder when 800 is divided by g?
8
Let w(t) = t**3 + 12*t**2 - 13*t + 10. What is the remainder when w(-13) is divided by (5 - -1) + -7 - (-27)/3?
2
Suppose -3*u = -0*u - 819. What is the remainder when u is divided by 4*((-13520)/(-1120) - 8/14)?
43
Let c = 8505 + -7776. What is the remainder when c is divided by 246?
237
Suppose -13*w - 14*w = -614 - 88. What is the remainder when 233 is divided by w?
25
Let w(f) = 17*f**3 - f**2 - 114*f + 113. Suppose -q + 16 = -41. Calculate the remainder when q is divided by w(1).
12
Let p(j) = -55*j - 3. Let q be p(-4). Let k = -93 + q. Calculate the remainder when k is divided by 32.
28
Suppose 69*x - 43990 = -13*x - 2088. Calculate the remainder when x is divided by 251.
9
Let d(v) = 24*v**2 + 5*v + 4. Let k be d(-1). Suppose -3 + 1 = n, -5*p + 4*n = -k. Let t = -20 - -21. Calculate the remainder when p is divided by t.
0
Let h(i) = i**3 - 37*i**2 + 289*i + 8. What is the remainder when 1273 is divided by h(11)?
2
Suppose 541*t = 317*t + 221671 - 34855. Calculate the remainder when t is divided by 25.
9
Let t = -29604 + 29607. Let r = 167 - 106. Calculate the remainder when r is divided by t.
1
Let u = -177 + 221. What is the remainder when u is divided by 39?
5
Let q = 28243 + -28131. Calculate the remainder when 665 is divided by q.
105
Suppose -30*m + 6*m + 864 = -8*m. What is the remainder when 63 is divided by m?
9
Suppose x - 5*m = 12, 4*x - 126 + 57 = -m. Calculate the remainder when 2956 is divided by x.
15
Let c = 6 - 8. Suppose 77*u + 55*u - 3586 - 1826 = 0. What is the remainder when u is divided by ((-4)/(-6))/(c/(-36))?
5
Let z = 62 - 4. Let h = z + -35. Let i = h + -11. What is the remainder when i is divided by 4?
0
Let k = 605 + -577. Suppose v + 2*x = -1, -3*v + 5*x + k = -24. What is the remainder when v is divided by (0 + 1)/((-2)/(-6))?
0
Suppose -2*g = -c, -g + 4*g = 5*c - 14. Suppose y - 5*y - g*d = -150, d = 5. Calculate the remainder when 173 is divided by y.
33
Let a(y) be the first derivative of 109*y**3/3 + 32. Let z be a(-1). Suppose 0 = -11*k - z + 692. What is the remainder when 209 is divided by k?
50
Suppose 4*w = 3*a - 129, 0*w - 166 = 5*w + a. Suppose -14*n + 3*n = -924. Calculate the remainder when n is divided by 4 + -3 - (2 + (w - -3)).
26
Suppose 2*q - v - 28 = 0, -28 = -2*q + 4*v - 2*v. Suppose -q*p = -2*p - 36. Suppose 7 = p*u - 125. What is the remainder when u is divided by 23?
21
Suppose -2*i + 438 = 5*t, -2*t + 123 = i - 53. What is the remainder when 773 is divided by t?
85
What is the remainder when 267 is divided by 44 - (42/12 + 99/(-22))?
42
Let d = -561 - -534. What is the remainder when 491 is divided by -38*(3/9)/(9/d)?
35
Calculate the remainder when 1183 is divided by (2 + (-3489)/(-6))*136/204.
16
Suppose -14*n = -61495 - 26734 - 4017. What is the remainder when n is divided by 3288?
13
Let q = -16 - -19. Suppose 2*b - q*b = 5*y - 240, 5*b - 240 = -5*y. Calculate the remainder when y is divided by (-1*(-49 - 1))/2.
23
Let a(u) = -2*u - 1. Let b be (-9)/((-36)/512) - -3. Suppose 4*q + k - b = 0, 3*q = -0*q + 2*k + 101. What is the remainder when q is divided by a(-9)?
16
Let i = -114 - -116. Suppose -5*k + 13 = -v, -i*v + 6*v + 18 = 3*k. Calculate the remainder when (k + 11/(-2))*-8 is divided by 16.
12
Let b(g) = 2*g**3 + 190*g**2 + 5*g + 611. What is the remainder when 330 is divided by b(-95)?
58
Let z(o) = -o**2 + 12*o + 28. Let q be z(9). What is the remainder when q*(-6 + 160/25) is divided by 6?
4
Let w = 1736 - 1218. Calculate the remainder when 98 is divided by 22*(3/7 - (-37)/w).
10
Suppose 12*d + 2*g = 10*d + 42, -2*d = -g - 51. Suppose 0 = -26*o + d*o + 36. What is the remainder when 717 is divided by o?
15
Let s = -551 - -554. What is the remainder when 91 is divided by -49*(s - (-32)/(-8))?
42
Let i be (-1)/((-20)/6 + 3). Suppose 3*t - b - 80 = -t, -i*b - 69 = -3*t. Calculate the remainder when 170 is divided by t.
18
Let f = -99633 + 99706. Suppose 3*l - 968 = -5*o - 243, -5*o = -2*l - 725. Calculate the remainder when o is divided by f.
72
Let z(i) = 7*i**2 - 3. Let l be z(-3). Calculate the remainder when 79 is divided by -3*2*(-100)/l.
9
Suppose -18*t + 840 = -4*t + 10*t. Let b be (3/(-6))/((-1)/(-10)). Let i(u) = -4*u - 7. Calculate the remainder when t is divided by i(b).
9
Suppose -t + 4615 = 4613, -1804 = -2*f + 2*t. What is the remainder when f is divided by 883?
21
Calculate the remainder when 366 is divided by (1 + (3 - 45))/(-38 - -37).
38
Suppose g + 4*a - 20 = 5, -4*g + 76 = 4*a. Let c = -14 + 14. Suppose 2*k - 3*k + 60 = -m, c = 2*k + 3*m - 120. Calculate the remainder when k is divided by g.
9
Let v = 600 + -554. Calculate the remainder when 1057 is divided by v.
45
Suppose -3*v - 5 - 61 = 0. Let k(w) = -w**3 - 22*w**2 - w - 21. Let s be k(v). Let t(i) = 34*i + 6. Calculate the remainder when 157 is divided by t(s).
37
Let f = -4679 - -4859. What is the remainder when f is divided by 103?
77
Suppose 4*g + p + 136 = 0, -2*g + 6*g + 144 = p. What is the remainder when (-3)/((g/60)/7) is divided by 3?
0
Let t(s) = -144*s + 174. Calc